- (19 + (9 - 3)) - -17)?
76
Evaluate 10 - (72 - ((-7 - -12) + -1 - -4)).
-54
What is 11 - 68 - (13 - (2 + (8 - -1)))?
-59
Calculate -6 + -1 + (-12 + 1 - (-12 + -10)) - -42.
46
Calculate -53 + -68 + 78 + -45 - 40.
-128
What is the value of 777 - 755 - (142 + 7 + -5)?
-122
-9 + 24 + -27 + -4
-16
Evaluate (16 + 16 + -45 - (14 - 13)) + 4.
-10
1 + -13 - (7 + 46 - (124 + -131))
-72
Evaluate 11 + (11 + -14 - (-3 - -2)) + (-179 - -185).
15
Evaluate -8985 + 9002 - (4 - (-2 - -1)).
12
Evaluate 23 - (-3 + -15 + (29 - -62)).
-50
What is the value of -13 + (-2 - (-76 + 77 - (-1 - -5))) - 37?
-49
What is the value of (-5 + -29 - -21) + (-6 - 38)?
-57
-14 + (29 + -21 - -65)
59
Calculate 47 - (-3 + 4) - (-11 - (3 - 16)).
44
What is the value of (-1 + 5 - (-3 + 0)) + -349 + 241?
-101
Calculate 18 - (9 + -34 + 18 - -13).
12
(195 - 104) + -73 + -31
-13
What is (2 - 4) + 0 + (-14 - (49 - 66))?
1
Calculate (23 - (25 + 21)) + 40 - 81.
-64
What is (4292 - 4255) + (2 - 93)?
-54
What is -11 + 18 + (-4 - 34 - (15 - 11))?
-35
Calculate 1 + -4 - (-46 + 3 + -10 + 19).
31
(-3 + 2 - 0) + (24 - (40 - 10 - 12))
5
What is (6 + (-2 - 4) + 0 - 58) + 7?
-51
Calculate (-32 + (11 - -58) - 30) + (1 - 42).
-34
What is -2 + 41 + 29 + -2 + -36 + 12?
42
Calculate -41 + 59 + -30 - 14.
-26
What is the value of -2 - (-31 + (14 + -29 - -14)) - (-16 + 1)?
45
What is (21 - (-14 + (8 - -26) - 8)) + -5?
4
What is -912 - -912 - (-45 - -3)?
42
-21 + 7 + (2 - -3) + 7 - 19
-21
Evaluate 10 - 0 - ((-3 - (10 + -15)) + 9).
-1
Evaluate (-75 - 17) + (32 - -8).
-52
Calculate 125 + (7 - (107 + -76)).
101
What is 53 + (-97 - 15) - -18?
-41
What is the value of 6553 + -6556 + 0 + (1 - -7)?
5
(34 + -52 - (3 + 34)) + 5 - (1 - 2)
-49
Calculate -8 - ((-9 - 36) + (1 - (-3 - (2 + -5)))).
36
Evaluate (-12 - -5) + ((2 - -5) + -5 - (-1 - -23)).
-27
58 + (0 + 24 - (-316 + 361))
37
(-4 - (5 - 12)) + 48 - (95 - 89)
45
What is -52 + 57 + 36 + 6?
47
What is the value of (-9 - (-6 - (-30 + 133))) + (-9 - -1)?
92
What is the value of (4 - (-8 + -6) - 31) + -15?
-28
(1175 - 1180 - (17 - -1)) + -48
-71
Calculate -15 - -71 - (109 - 110).
57
6 + 4 - -2 - (3 - -19) - 38
-48
What is the value of (2 - 13) + (-105 - -87) + -5 + 1 + 0?
-33
What is 129 - (-5 + (-77 + 72 - (-1 + -5)) + -6)?
139
-2 + 22 - (-71 - -75 - (0 + (3 - 1)))
18
What is the value of -233 - -234 - (19 - 0) - (3 - -7)?
-28
What is -18 - (135 + -90 + (49 - 12))?
-100
Calculate 20 - (56 - (8 + 7 + -14)).
-35
Calculate 44 - (2 + -10 + 71).
-19
Calculate 57 + -11 - ((-5 - 1) + (44 - 33)).
41
Evaluate 365 + -151 + -213 + (-1 - 7) + 0.
-7
11 - (-15 + 15 + (64 - 20))
-33
-12 + (1 - (9 + -14)) + -2 + (-20 - -47)
19
Evaluate 13 + (-49 - (29 + -4 + -9 + -2)).
-50
17 - ((-3 - -12) + (13 - 28) + 10)
13
What is the value of (11 + 40 + 6 - -15) + -3 + (4 - -11)?
84
Calculate -341 + 290 - (-78 - -13).
14
What is (10 - 68) + 10 - (-11 + (8 - 0))?
-45
Evaluate 51 + (35 - 95) - -43.
34
Evaluate (20 - (-25 - -22) - 95) + 6.
-66
What is the value of -36 + (67 + -1 - 89)?
-59
Evaluate 42 - (0 + (-5 - -1) + -85 + 99).
32
Calculate (-45 - (-53 - 38) - 55) + (-2 - -57 - -1).
47
What is the value of -8 + (-18 - -44 - -14)?
32
What is 49 - (37 - (37 + 5))?
54
Evaluate ((-54 - -22) + 24 - (-88 + 4 + -1)) + -1.
76
Calculate -4 + -6 + (3 + 6 - (34 - -2)).
-37
What is -187 + 164 + -1 + 4 + -35?
-55
Evaluate (-40 - -57) + 15 + -49.
-17
Calculate -34 - (-11 + -34) - (-5 - (-9 - -85)).
92
(122 - 55) + (-9 - 188)
-130
What is the value of 6 - 45 - -9 - -83?
53
(1 - -14) + -5 + (8 - 1 - 10 - -3)
10
-167 + 162 + -12 + 14 + -2 + 0 + 5
0
What is 30 + -60 + 21 + 30?
21
Calculate 38 - (-2 + (33 - 30) + -9).
46
What is the value of (-12 - -6) + -1 + 17 + -7 - (-50 - -8)?
45
What is (60 - 54) + (2 - (-4 - -12)) + -7 + -51?
-58
Evaluate (-61 - 0 - -3) + -733 + 738.
-53
What is the value of (-70 - -10 - -30) + (8 - -9)?
-13
Evaluate (-139 - -82) + -5 + 40.
-22
48 + 9 - (-3 + (-4 - (3 - 8)) + -2)
61
What is (-45 - -36) + 6 - (2 + -69)?
64
What is the value of -14 + (41 - -1 - (-130 - -147)) + 82?
93
Evaluate (-11 - -8 - (2 - 15)) + (4 - (-18 + -7)).
39
What is 119 + (-33 + -13 - 62)?
11
What is -51 - -155 - 60 - 69?
-25
What is the value of -141 + (-6 - (39 - (-11 - -89)))?
-108
What is 62 + 0 + (18 - -1) + (-15 - -13) + -5?
74
Calculate (-127 - 22) + (-20 - -303).
134
46 - (63 - 77) - 62 - (-80 - 1)
79
1348 + -1374 + (-1 - (6 - 9))
-24
What is -10 - ((106 - 58) + -80)?
22
What is the value of 8 + (226 + -215 - (-6 + -1))?
26
Evaluate -12 - -10 - (-86 + 105 - (2 + 3)).
-16
What is -9092 + 8993 - (-1 - 114)?
16
1 + (19 - -1) + (108 - 151 - (-52 + 6))
24
1166 + -1221 + (136 - -9)
90
What is the value of -54 + 46 + 34 + -3 - 99?
-76
What is the value of 30 + -129 + 94 + -60?
-65
What is (14 + (-1 - -2) - (6768 + -6756)) + -2 + -91?
-90
What is 86 + -66 - 35 - -37?
22
What is the value of 1 - -6 - ((36 + -9 - -12) + 31)?
-63
What is 25 - (-20 - (-63 - -3)) - 53?
-68
What is (-5 - (-3 + -12)) + (-201 - -203)?
12
Calculate (15 - -33 - (6 - 10 - -14)) + -6.
32
Evaluate 213 - 368 - (-18 - 80).
-57
What is the value of (6 - -6 - (18 + 1 - 5)) + -11?
-13
(-6 - -44) + (5 - -5 - (-2 + 22))
28
What is 35 - (27 - (-28 + 35)) - -61?
76
What is 13 - (72 + -11) - -47?
-1
Evaluate (-1 - (-8 - (2 + -21))) + (5 - (-9 - -5)).
-3
What is the value of -108 - (-23 + (26 - 52 - -16))?
-75
-8 - (-23 + 11 + 69)
-65
Calculate -6 - (25 - 56) - ((3 - 1) + -5).
28
What is the value of -83 + (48 - -43) + (82 - 10)?
80
What is (-260 - -279) + 1 + -6 + -8 - -55?
61
-1 - 0 - (419 + -437)
17
5 + 11 - (87 + (8 - 6))
-73
Calculate -1 + 57 + (-26 - (-57 + 48)).
39
What is 18 + 15 + -16 + -8 + 10 + -14?
5
What is the value of -5245 - -5248 - (2 + 2 + -55 + -3)?
57
What is the value of 4 + -100 + -3 + -1 + -13 + 1?
-112
What is the value of -9 + 2 + (60 - 95) + 69?
27
0 - (-23 - (-8 - (1 + 7))) - -34
41
What is the value of -11 + 2 - -3 - (61 + (-45 - -3))?
-25
What is -28 + -57 + 149 + -35?
29
Calculate -50 + -1 - (-16 - (27 + -17 - 13) - -21).
-59
Calculate -11 - (0 + (-3 + -31 - -12)) - (-14 + 13).
12
Calculate -36 - (1 + 71 + -12 + 6).
-102
What is the value of 28 - (173 - 158) - (0 + 1 + 2)?
10
What is the value of -51 + 5 + 26 - 4?
-24
What is 82 + ((-12 - 7 - -35) + -1 - 7)?
90
What is the value of -62 - 1 - -79 - 22?
-6
What is 9 - 1 - (14 + -16 + 5) - (-65 - 14)?
84
What is the value of (-9 - -3) + -2 - 6 - (-15 - 6 - -101)?
-94
(-2 - (0 + 2)) + (20 - 60) + 52 - 10
-2
Calculate 28 - 22 - (-1 + 0 + -1 - 1).
9
Calculate 39 - (0 - 13 - (145 + -161)).
36
What is the value of 63 + (42 - 163) + 18 + 5?
-35
Evaluate 11 - (-1 - 1) - (174 + 12 - 114).
-59
Evaluate -6 + (56 - (19 + 7) - 47).
-23
What is the value of 26 + -36 + (1 - -2) + 9 + -64?
-62
-30 - ((18 - 31) + 11 + -118)
90
Evaluate -65 + (278 - 47) - 53.
113
(-2 - 0) + (-83 - -213) + -106
22
Evaluate 13 + -21 + 4 + (-13 - (-5 + 1 - 2)).
-11
Evaluate 5949 + -5863 - (2 + 148).
-64
Evaluate 33 + -21 - 53 - (-2 + (-10 - 1)).
-28
-185 + 80 + 56 - -88
39
7 - ((7 + -28 - -31) + -3 + -11 + 2)
9
Calculate (45 - 94) + 32 + 3.
-14
Calculate (10 + -107 - -4 - (23 + -9)) + 18.
-89
What is 31 + (2 - -12) + (-26 - (-36 + 10))?
45
What is -15 - (39 - 77 - 35)?
58
What is (-2 - 3 - -3) + 19 + (-3512 - -3528)?
33
Evaluate 9 + (1 - 1 - (-35 + 25 - 54)).
73
What is (-101 + 103 - 9) + -53 + 2?
-58
(163 - (-33 - -71)) + -167
-42
What is -22858 + 22801 - (1 + -116)?
58
What is -2 + 0 + -4 + (-53 + -31 + 30 - -189)?
129
What is -50 + -13 - -83 - (-8 - -2)?
26
What is -11 + (5 - -1) + 106 + -118?
-17
(-112 + 13 - -126) + (-10 - 1)
16
(31 + -28 - -11) + -44
-30
What is the value of 8 + 18 + -16 + (10 + -1 - 24)?
-5
Evaluate 6 - (-6 - (-3 + -5 - (8 + -7) - -6)).
9
What is the value of 87 - (-20 + 78 + -7)?
36
Evaluate 11 - (14 + -6 - -12) - (2 - -5).
-16
13 + 1 - (7 + 1 + 0 + -52)
58
11 + -182 + 20 - (-2 + (0 - 6))
-143
(15 + -5 + 1 - -29) + -5
35
47 - (43 - (31 + (-29 - -10)))
16
What is 22 + -17 + -12 + 8 + 13 - -63?
77
What is (-1 - (4 + -4)) + 1 - (78 + -45)?
-33
Calculate 50 + (53 - 115) - -67.
55
What is 2 + -13 - 0 - (-146 + 0 - (-830 + 786))?
91
What is the value of 607 + -644 - (-1 + 5) - -9?
-32
Evaluate (17 - 19) + 15 + -141 + (15 - 1) - 12.
-126
Evaluate (-2749 - -2773) + 51 + -1.
74
(51 + -34 - 56)